*3 - t**2. Let g = -2 + -42. Suppose 32*r = -2200 + 760. Let d = r - g. Determine x(d).
3
Let w(k) = 0 + 5 + 0*k**2 - 2*k**2 - 6059379*k + 6059375*k. Let a = -10 + 6. Give w(a).
-11
Let i(o) = 31*o - 85. Let t be i(3). Let d(v) = 28 - t*v + 3 + 7*v. Give d(0).
31
Let i(l) = -27*l - 74. Let y(p) = 18*p + 48. Let m(s) = 5*i(s) + 8*y(s). Determine m(-10).
-76
Let q(m) = m**3 - 7*m**2 + 8*m - 6. Suppose -21*w + 100 = -19*w. Let r be ((242/(-55))/(-11))/(4/w). Give q(r).
-16
Let r(b) = 6*b**3 + 3*b + 3*b + 2158917 + 32*b**2 + 2*b - 2158913. What is r(-5)?
14
Let k(j) = 7*j**3 - 24*j**2 - 6*j + 15. Let h(p) = p**3 - 4*p**2 - p. Let n(t) = 6*h(t) - k(t). Give n(0).
-15
Let c(v) = -1. Let f(p) = -2 - 6 + p + 7 - 2*p. Let r(q) = 2*c(q) + f(q). Suppose -3*h + 20 = 2*h. Determine r(h).
-7
Let u(t) be the first derivative of -t**4/12 + t**3/6 - t - 43. Let o(r) be the first derivative of u(r). Give o(0).
0
Let d(r) = 333 - 3*r + 6*r + 321 + r**3 - 651. Suppose 3*i = 4*z - 1, -5*z + i - 3*i - 16 = 0. Determine d(z).
-11
Let a(g) = g**2 - 45*g + 87. Let s be -4 - (-132)/34 - (-2932)/68. Let u be a(s). Let h(y) = 7*y**2 - 2*y + 1. Calculate h(u).
6
Let w(t) be the first derivative of t**4/4 + 7*t**3/3 + 2*t**2 - t - 2285. What is w(-5)?
29
Suppose -27 = v + 90*q - 93*q, 0 = 5*v + 4*q + 2. Let z(m) = -m**2 + 43. Calculate z(v).
7
Let a be (4/2 - 5)*100/(-60). Let o(i) be the third derivative of 1/10*i**a + 0 + 1/120*i**6 + 1/3*i**3 + 0*i + 21*i**2 + 5/24*i**4. Determine o(-5).
2
Let g(a) = 2*a**2 + 17*a + 54. Let h = 8908 - 8913. Calculate g(h).
19
Let q(x) = -24*x + 65. Let a be q(3). Let r(f) = 6*f + 42. Calculate r(a).
0
Let m(u) = -110 - 15*u**2 - 20*u + 71 + 36 + 60 + u**3. Calculate m(16).
-7
Suppose v = -5*o + 23, 0*v - 3*v + 4 = 2*o. Suppose -2*i = -5 - 5. Let b(m) = -2*m - 1 + 0*m + i*m. What is b(v)?
-7
Let g = -8 + 2. Let m be (g/(-4))/3*6. Let t(j) = -4 + 6 - 2*j - m + 0. Calculate t(-7).
13
Let q(z) = 7*z - 61. Let j = -11592 + 11607. Give q(j).
44
Let x(i) be the third derivative of -13*i**6/120 - i**4/24 + i**3/6 + 289*i**2. What is x(-1)?
15
Let o be 3*((-8)/(-6))/2. Let b(a) be the third derivative of -1/60*a**6 + 29*a**2 - 1/12*a**4 + 1/20*a**5 + 0 - 1/3*a**3 + 0*a. What is b(o)?
-10
Let o(d) = 43*d**2 - 2*d + 6. Let p(m) = -10*m**2 - m. Let n(k) = o(k) + 4*p(k). What is n(5)?
51
Let r(l) = -l**2 + 2*l + 41. Let k be r(-5). Let z(f) = -f**3 - 9*f**2 + 5*f + 9. Let p(v) = v**3 + 9*v**2 - 5*v - 10. Let m(i) = k*p(i) + 7*z(i). Give m(-9).
-42
Suppose -5*x - 21 = p + 15, x + 30 = -4*p. Let d(y) = -28*y - 164. Give d(x).
4
Let j(m) = m**2 + 2*m - 1. Let q(g) = -4*g**2 - 10*g - 65. Let s(z) = -5*j(z) - q(z). Determine s(8).
6
Let z be 1117 - ((0 - 1) + (-3)/1). Let i(r) = 2 + z*r - 6 - 1108*r. Calculate i(3).
35
Let v(s) = -s - 5. Suppose 14 + 40 = 6*t. Suppose -2*h - 4*q + t = 33, -5*h + q - 16 = 0. What is v(h)?
-1
Let d(s) = 3*s + 2. Suppose 54 = -5*a + 2*c, -c + 6*c = 2*a + 30. Let b(m) = 11*m + 115. Let r be b(a). Calculate d(r).
17
Let d(x) = 5 + 38*x + 31*x - 68*x. Let c(y) = -7*y**2 + 48*y. Let m be c(7). Give d(m).
-2
Let x(r) = -153*r**2 + 20*r + 4. Let q(w) = 5*w**2 - 3*w - 1. Let v(s) = 6*q(s) + x(s). Give v(1).
-123
Let i(h) = -h**2 - h + 37. Suppose 10 = -408*o + 407*o. Let z be (-4)/o - (-28)/(-70). Calculate i(z).
37
Suppose -2868 = 16*o + 12*o - 2980. Let d(q) = 3*q**3 - 11*q**2 + 2*q - 14. Calculate d(o).
10
Let u(o) = -2*o**2 + 37*o - 55. Let d be u(17). Let b(n) = 2*n + 5. Let f(q) = 6*q + 16. Let k be 2/4 + 26/4. Let c(w) = k*b(w) - 2*f(w). What is c(d)?
-5
Suppose -2 = -2*s + 6. Let z = 101 - 96. Let p(h) = 0*h**2 - 15*h**3 - 1 + z*h**2 + 14*h**3. Determine p(s).
15
Let l(t) = 3*t**3 - 11*t**2 - 11*t - 7. Let s be (6/3 + 35/(-5))*1. Let w(y) = -4*y**3 + 12*y**2 + 12*y + 7. Let f(j) = s*l(j) - 4*w(j). Calculate f(-6).
1
Let j(o) = 10*o**2 + 36*o - 26. Suppose 0 = 5*f - 3*t + 13, f - 2*f + t = 3. Let n(d) = -2*d**2 - 7*d + 5. Let k(u) = f*j(u) - 11*n(u). Calculate k(-4).
9
Let u(t) = -t**2 - 4*t - 7. Let p(w) = 2*w**2 + w - 17. Let s be p(4). Suppose -27 + 122 = -s*y. Calculate u(y).
-12
Let x be (5*1)/(2*(-6)/(-60)). Suppose x = 5*n - 4*n - 5*l, 5*l = -n + 25. Let v = -28 + n. Let p(s) = -s**2 - 5*s - 4. What is p(v)?
2
Let f be 4/(-18) - (-116)/36. Suppose f*w - 2 = 2*w. Let h(u) be the second derivative of u**4/12 + u**3/3 - 3*u**2/2 + 415*u. Determine h(w).
5
Let m(l) = l**2 + 79*l + 295. Let y be (-4 - -3)/(119/28 + -4). Calculate m(y).
-5
Let j = -723 - -726. Suppose -4*a = -0*a. Suppose -2*q - 6 = -3*y - 0*y, -j*y - 4*q + 24 = a. Let k(w) = w**2 - 2*w - 3. Calculate k(y).
5
Let v(k) = -k**3 + 2*k**2 + 3*k - 2. Let g be v(3). Let p(s) = 19 - 20 + s**2 + 0*s - 2*s - s - 9*s**2 + 0*s**2. Give p(g).
-27
Let o(p) = -4*p - 176. Let w(u) = u + 34. Let i(r) = 2*o(r) + 11*w(r). Let j(g) = 2*g - 1. Let q be j(-3). Let h be i(q). Let l(v) = -8*v + 1. Determine l(h).
-7
Let v be (4/(-10))/(2/(-10)). Suppose 2 = -3*d - 5*t, 0 = 2*d + t + 8 - v. Let f(p) be the first derivative of p**3/3 + 5*p**2/2 + 5*p - 2134. Give f(d).
1
Let o(a) = 5*a**2 - 8*a + 5. Let l(s) = 13*s**2 - 22*s + 14. Let j(n) = -4*l(n) + 11*o(n). What is j(1)?
2
Let p(z) = z + 1. Let q(n) = 3. Let t(b) = 5*p(b) - q(b). Suppose 0 = -36*u + 96 - 24. Calculate t(u).
12
Let s be (11 + 4)/((-21)/(-413)). Let f = 303 - s. Let x(j) be the first derivative of -j**2/2 + 5*j - 3. Calculate x(f).
-3
Let f be 1/(-4) + (-58)/(-8). Suppose 5*u + 69 = 79. Let p(k) = -1838 + u*k**2 + 1848 - 3*k**2 + 6*k. Calculate p(f).
3
Suppose -5*m = -4*r - 0*r - 23, m - 1 = -r. Let y(x) = 2*x**2 - 3 + 3*x**2 - 6*x + m*x - 4*x**2. Let z(d) = -48*d + 3366. Let h be z(70). What is y(h)?
15
Let m(v) = -7*v**3 - 23*v**2 - 11*v - 13. Let g(z) = -6*z**3 - 21*z**2 - 11*z - 12. Let x be ((-185)/111)/(2/6). Let w(h) = x*m(h) + 6*g(h). Calculate w(-10).
3
Suppose -3*l - 2*w = 27, -3*l = -0*l + 3*w + 21. Let z(g) = -g**3 - 13*g**2 - g. Calculate z(l).
13
Let q(x) = -36*x**2 - 14*x + 7. Let m(s) = -5*s**2 - 3*s + 2. Let u(t) = -7*m(t) + q(t). What is u(8)?
-15
Let s(n) = n**2 - 2*n - 4. Suppose -5*q = -5 - 75. Suppose -l = -3*l + q. Suppose -4*w - l - 4 = 0. Determine s(w).
11
Let a(m) be the third derivative of m**5/60 - 11*m**4/8 + 104*m**3/3 + 3*m**2 - 55*m + 13. Determine a(24).
-8
Let z(m) be the second derivative of -82*m - 1/20*m**5 + 5/6*m**3 - 3/2*m**2 + 0 + 1/4*m**4. What is z(4)?
1
Let t(r) be the second derivative of -r**4/6 + 5*r**3/3 - r**2/2 - 7053*r. Determine t(10).
-101
Let x = 19670 - 19685. Let u(t) = 3*t**3 + 44*t**2 - 17*t - 20. Give u(x).
10
Let z(g) = 2*g**2 + 18*g - 12. Let i(v) = -3*v**2 - 18*v + 10. Let h(o) = 3*i(o) + 4*z(o). Give h(18).
-18
Suppose -26*t - 100*t = -61 + 313. Let l(h) = 10*h**2 + 19*h + 4. Determine l(t).
6
Let c(i) be the third derivative of 7/24*i**4 + 0 + 0*i + 7/3*i**3 - 1/120*i**5 - 25*i**2. Let f(p) be the first derivative of c(p). Calculate f(0).
7
Let l(u) = 21 + 0*u - 14 - 2*u - 12. Let c(z) = 2*z**2 - 189*z + 455. Let o be c(92). Determine l(o).
5
Let b(q) = -3*q**3 + 14*q**2 - 7*q - 24. Let z(p) = -10*p**3 + 40*p**2 - 18*p - 73. Let a(r) = 7*b(r) - 2*z(r). Give a(17).
46
Let p(y) = -y**2 + 6*y + 53. Suppose 5*f = 67*k - 69*k + 49, 2*f = -5*k + 49. Calculate p(f).
46
Let r(y) = -y**3 - y**2 - y - 1. Let i(w) = -12*w**3 - 2*w**2 - 3*w - 4. Let z(t) = -i(t) + 3*r(t). Suppose -2*p + 8 = -5*n, -5*n = 2*p + 3 + 9. Determine z(p).
-9
Let t(d) = d + 7. Let i = 57 - 19. Let n = i - 27. Suppose -n*f + 8*f - 21 = 0. Give t(f).
0
Let t = 176 + -292. Let o = 112 + t. Let p(f) be the third derivative of f**5/60 + f**4/8 - 2*f**3/3 + 19*f**2. Determine p(o).
0
Let r(x) = -x**3 - 4*x**2 + 7*x - 5. Let a be -7 - -11 - (-5)/(-1). Suppose 5*n + 15 - 166 = -s, -5*n + 4*s + 146 = 0. Let b be a*(n/45)/(2/18). Calculate r(b).
25
Let c(g) be the third derivative of -g**4/12 - g**3 + 2*g**2. Let l(o) = -3*o - 8. Let d(h) = 4*c(h) - 3*l(h). Suppose 0 = 3*q + 18. Calculate d(q).
-6
Let c = -96 - -91. Let a(p) = 7*p**3 + 20*p**2 - 14*p - 3. Let u(r) = -r**3 - r**2 + r - 2. Let d(s) = c*u(s) - a(s). Give d(-8).
5
Let f(a) be the second derivative of -a + 0 - 4*a**2 - 1/6*a**3. Let r(i) = i**2 + 46*i - 200. Let j be r(-50). Give f(j).
-8
Let s(d) = 5*d - 100. Let v(a) = -2*a**2